the hundreds digit of 6983?
9
What is the thousands digit of 24825?
4
What is the hundreds digit of 159371?
3
What is the hundreds digit of 318?
3
What is the hundreds digit of 6262?
2
What is the tens digit of 84087?
8
What is the units digit of 16197?
7
What is the units digit of 43?
3
What is the units digit of 39140?
0
What is the ten thousands digit of 38618?
3
What is the tens digit of 1300?
0
What is the units digit of 408?
8
What is the thousands digit of 3768?
3
What is the thousands digit of 1929?
1
What is the tens digit of 94?
9
What is the thousands digit of 10975?
0
What is the hundreds digit of 879?
8
What is the thousands digit of 1512?
1
What is the units digit of 492?
2
What is the units digit of 6189?
9
What is the tens digit of 11105?
0
What is the units digit of 3738?
8
What is the tens digit of 16148?
4
What is the tens digit of 7770?
7
What is the thousands digit of 12587?
2
What is the hundreds digit of 1460?
4
What is the ten thousands digit of 50948?
5
What is the units digit of 23273?
3
What is the units digit of 4104?
4
What is the ten thousands digit of 10044?
1
What is the thousands digit of 1232?
1
What is the tens digit of 1036?
3
What is the units digit of 267?
7
What is the tens digit of 948?
4
What is the ten thousands digit of 106838?
0
What is the thousands digit of 12881?
2
What is the units digit of 5565?
5
What is the hundreds digit of 1162?
1
What is the hundreds digit of 22281?
2
What is the units digit of 6804?
4
What is the hundreds digit of 11785?
7
What is the units digit of 30692?
2
What is the thousands digit of 11916?
1
What is the ten thousands digit of 64140?
6
What is the hundreds digit of 6105?
1
What is the thousands digit of 2191?
2
What is the units digit of 1053?
3
What is the tens digit of 2283?
8
What is the hundreds digit of 4060?
0
What is the tens digit of 3434?
3
What is the hundreds digit of 546?
5
What is the hundreds digit of 11772?
7
What is the units digit of 5601?
1
What is the tens digit of 2056?
5
What is the tens digit of 2189?
8
What is the hundreds digit of 7252?
2
What is the tens digit of 3709?
0
What is the hundreds digit of 28538?
5
What is the hundreds digit of 2922?
9
What is the thousands digit of 8887?
8
What is the units digit of 1014?
4
What is the thousands digit of 44574?
4
What is the units digit of 1081?
1
What is the units digit of 1541?
1
What is the hundreds digit of 1306?
3
What is the hundreds digit of 3494?
4
What is the tens digit of 39388?
8
What is the units digit of 19426?
6
What is the units digit of 51789?
9
What is the units digit of 7240?
0
What is the units digit of 319?
9
What is the hundreds digit of 6853?
8
What is the units digit of 1221?
1
What is the thousands digit of 20206?
0
What is the tens digit of 39117?
1
What is the tens digit of 912?
1
What is the units digit of 120018?
8
What is the hundreds digit of 22196?
1
What is the thousands digit of 59533?
9
What is the hundreds digit of 13567?
5
What is the thousands digit of 13416?
3
What is the tens digit of 139?
3
What is the hundreds digit of 914?
9
What is the thousands digit of 3870?
3
What is the hundreds digit of 1807?
8
What is the units digit of 2478?
8
What is the tens digit of 5893?
9
What is the hundreds digit of 1876?
8
What is the hundreds digit of 127?
1
What is the ten thousands digit of 83099?
8
What is the thousands digit of 36438?
6
What is the tens digit of 2368?
6
What is the hundreds digit of 259?
2
What is the hundreds digit of 5724?
7
What is the tens digit of 1040?
4
What is the tens digit of 7377?
7
What is the thousands digit of 3963?
3
What is the tens digit of 259?
5
What is the units digit of 222?
2
What is the hundred thousands digit of 103766?
1
What is the thousands digit of 2853?
2
What is the tens digit of 30232?
3
What is the units digit of 1581?
1
What is the hundreds digit of 294?
2
What is the units digit of 25301?
1
What is the ten thousands digit of 13489?
1
What is the hundreds digit of 6156?
1
What is the hundreds digit of 3288?
2
What is the units digit of 35977?
7
What is the thousands digit of 39033?
9
What is the thousands digit of 13495?
3
What is the tens digit of 7122?
2
What is the thousands digit of 1583?
1
What is the hundreds digit of 6293?
2
What is the tens digit of 63659?
5
What is the thousands digit of 48102?
8
What is the tens digit of 95?
9
What is the units digit of 1513?
3
What is the thousands digit of 39057?
9
What is the thousands digit of 2200?
2
What is the units digit of 898?
8
What is the hundreds digit of 627?
6
What is the units digit of 7694?
4
What is the tens digit of 15470?
7
What is the units digit of 2586?
6
What is the units digit of 2078?
8
What is the hundreds digit of 38009?
0
What is the hundreds digit of 870?
8
What is the hundreds digit of 910?
9
What is the hundreds digit of 859?
8
What is the thousands digit of 6111?
6
What is the thousands digit of 14399?
4
What is the hundreds digit of 118859?
8
What is the hundreds digit of 12306?
3
What is the hundreds digit of 5085?
0
What is the hundreds digit of 25610?
6
What is the tens digit of 73143?
4
What is the hundreds digit of 573?
5
What is the hundreds digit of 134555?
5
What is the ten thousands digit of 27887?
2
What is the tens digit of 1167?
6
What is the hundreds digit of 1299?
2
What is the ten thousands digit of 54381?
5
What is the tens digit of 6406?
0
What is the thousands digit of 3011?
3
What is the hundreds digit of 20179?
1
What is the hundreds digit of 4457?
4
What is the thousands digit of 1379?
1
What is the thousands digit of 3316?
3
What is the thousands digit of 10857?
0
What is the tens digit of 214?
1
What is the tens digit of 4277?
7
What is the units digit of 658?
8
What is the tens digit of 1632?
3
What is the hundreds digit of 2852?
8
What is the units digit of 495?
5
What is the tens digit of 3406?
0
What is the hundreds digit of 501?
5
What is the tens digit of 1499?
9
What is the ten thousands digit of 11713?
1
What is the tens digit of 1575?
7
What is the units digit of 7160?
0
What is the units digit of 13826?
6
What is the hundreds digit of 4982?
9
What is the units digit of 44725?
5
What is the tens digit of 52?
5
What is the units digit of 858?
8
What is the thousands digit of 1854?
1
What is the hundreds digit of 1551?
5
What is the ten thousands digit of 71483?
7
What is the ten thousands digit of 30528?
3
What is the ten thousands digit of 23677?
2
What is the thousands digit of 5625?
5
What is the thousands digit of 2132?
2
What is the ten thousands digit of 12860?
1
What is the hundreds digit of 4184?
1
What is the units digit of 1701?
1
What is the tens digit of 8681?
8
What is the thousands digit of 4635?
4
What is the thousands digit of 1173?
1
What is the hundreds digit of 349?
3
What is the hundreds digit of 5884?
8
What is the units digit of 467?
7
What is the hundreds digit of 6525?
5
What is the hundreds digit of 3715?
7
What is the tens digit of 7943?
4
What is the ten thousands digit of 14348?
1
What is the tens digit of 5335?
3
What is the units digit of 40?
0
What is the thousands digit of 65063?
5
What is the thousands digit of 11628?
1
What is the hundreds digit of 26214?
2
What is the hundreds digit of 4436?
4
What is the thousands digit of 12161?
2
What is the ten thousands digit of 10604?
1
What is the units digit of 418?
8
What is the tens digit of 11136?
3
What is the hundreds digit of 12654?
6
What is the tens digit of 1072?
7
What is the units digit of 3457?
7
What is the tens digit of 2449?
4
What is the hundreds digit of 3249?
2
What is the tens digit of 15509?
0
What is the units digit of 45536?
6
What is the hundreds digit of 27246?
2
What is the units digit of 1548?
8
What is the hundreds digit of 1420?
4
What is the units digit of 5227?
7
What is the units digit of 10728?
8
What is the hundreds digit of 16264?
2
What is the hundreds digit of 15517?
5
What is the thousands digit of 56803?
6
What is the hundreds digit of 6589?
5
What is the tens digit of 70854?
5
What is the thousands digit of 2789?
2
What is the ten thousands digit of 38458?
3
What is the tens digit of 28267?
6
What is the thousands digit of 29053?
9
What is the hundreds digit of 15123?
1
What is the thousands dig